2 - (46 + -31 + 4)
-19
Calculate -111 + 113 - (0 - 3) - (24 + -1).
-18
Evaluate (41 - 77) + -1 + 20.
-17
Calculate 18 - 20 - (23 - 14).
-11
15 + (-10 - (8 - 6)) + -3
0
What is 2 - (18 - 13) - 1?
-4
What is the value of (-5 - -1) + 7 + 4 + -4 + -4?
-1
Evaluate (5 - 1) + (-4 - (6 - 11) - -2).
7
Calculate -24 + 5 + 0 + 9.
-10
Calculate 4 - (32 + 7) - (-4 + (-5 - 0)).
-26
-1 - (-2 + -1) - (-2 + (-4 - -5))
3
43 + (17 - (86 + -36))
10
Calculate -1 + 8 - (17 - 39 - -20).
9
What is 2 + (-7 - ((1 - 3) + -46 + 46))?
-3
(-6 - -22) + (10 - 22 - (3 + -12))
13
What is -161 + 156 + (-12 + (-2 - -3) - -3)?
-13
-38 + (0 - (-12 - ((-3 - -4) + -4)))
-29
-16 - (16 + -22 + -15 + 1)
4
-4 + 16 - 30 - (13 + -19)
-12
What is 11 + (-7 - -10) + 0 + -3 - 52?
-41
What is the value of -2 + (7 - (-9 - -21)) + 1 + -8?
-14
Calculate (4 - (1 + -10 - -13)) + -1.
-1
(-2 - 0 - 3) + -13 + 4 + 0
-14
What is the value of -4 + 14 + -36 + 11 + -2?
-17
Evaluate 8 + -10 + (-5 - (0 - 14)).
7
18 + (16 - 19 - 23)
-8
(3 - -2) + (-26 - -15)
-6
Calculate 0 + (2 - 5) - -9 - -13.
19
Calculate -13 + 26 + -20 + -1 + 1 - -21.
14
Calculate 24 + (-18 - (5 + -7)).
8
Calculate -35 + 11 + -4 - (-20 - -5).
-13
Evaluate -34 + 6 + 14 + 5.
-9
Evaluate 9 - (7 + (0 - -2) - 9).
9
What is the value of -4 + -1 + 0 + 1?
-4
Evaluate (7 - (8 + -1 - 6)) + -1.
5
Calculate 16 + -4 + -8 - (4 + 6 + -3).
-3
Evaluate -4 + 0 + 5 + (-7 - 3) + 18.
9
Calculate -11 - -1 - (51 + -42 + -5).
-14
What is the value of (14 - 0) + ((7 - 5) + 8 - 15)?
9
(-6 - (12 + 4 + -12)) + -3 + 5
-8
What is the value of -15 - ((2 - -1) + -9)?
-9
What is the value of 29 + -25 - -22 - 23?
3
Calculate -2 + 13 + (9 - 3).
17
What is the value of -40 + (48 - (75 - 37))?
-30
What is the value of (3 - 4 - -7) + (-6 - 8)?
-8
Evaluate ((-17 - -10) + 14 - 0) + -5 + 0.
2
Evaluate 34 + -39 - (0 + -11 + 15).
-9
What is the value of (11 - 16) + 6 + -11?
-10
3 + (-13 - (7 + -9 + -4)) - 12
-16
What is -8 + -1 + 18 + -21 + 12?
0
What is (7 - 0) + 0 + -4?
3
What is (11 - -1) + 82 + -87?
7
What is the value of (27 - 34) + (-5 - 10 - -4 - -5)?
-13
What is the value of -257 - -288 - (7 + -4)?
28
-2 - (-29 - -16 - -13)
-2
What is (-10 + 3 - (5 + -3)) + -1?
-10
Calculate 10 + -6 + 12 + -29.
-13
What is (-15 - 0) + (97 - 87)?
-5
Evaluate -1 - 3 - ((-3 - -7) + -3).
-5
What is the value of 19 - (16 - -14) - -30?
19
What is the value of 11 + 12 + (-8 - (3 + -4))?
16
Calculate (-2 - -10) + (-32 - (13 - 41)).
4
-45 + (20 - (-42 - -26))
-9
(11 - (20 - (-6 + 2))) + (6 - 2)
-9
What is 5 + -119 + 43 + 33?
-38
Evaluate (-16 - (-8 - -4)) + (-12 - 16 - -20).
-20
What is the value of -5 + -3 + 3 - 6 - -6?
-5
Evaluate 12 + 0 + -12 + -21.
-21
What is -26 - ((-10 - -11) + -15)?
-12
What is the value of -5 + -7 - -2 - (2 - 4)?
-8
Calculate 8 - (17 + -11 - (-4 - (5 + -4))).
-3
Calculate -2 - (-9 + 9) - -5.
3
Evaluate -18 + (0 - 10) - 6.
-34
Evaluate 13 + (4 + -7 - 0) - -3.
13
Calculate 14 + (14 - 17) + -7 + 1.
5
Evaluate -24 - (167 + -177 + (7 - 1) + -1).
-19
9 + -6 - -22 - (3 + (-4 - -9))
17
What is the value of 8 - (0 - -19 - 0)?
-11
(-1 - (-7 - 0)) + -5 + 20 + -8
13
Evaluate (-3 - -3) + (-4 + 0 - (10 + -3)).
-11
What is the value of (20 - 4 - (-47 + 60)) + -13 + -1?
-11
What is the value of (-2 - -18) + (-1 - -8 - 3 - 8)?
12
Evaluate (58 - 47) + -1 + -15 + 1.
-4
What is the value of -2 + 6 + -9 + 2 + -5 + 17?
9
Calculate 1 + 10 - (-813 - -801).
23
What is the value of 17 + 9 - (53 - 43)?
16
-2 + -17 - (-4 + 6 + -5 + -2)
-14
Evaluate 21 + (-18 - (-16 + 5)) - (-2 - 6).
22
What is the value of 33 + (-7 - (20 + -6 + -1))?
13
What is the value of (32 - (-32 + 45)) + -10?
9
Calculate 36 + (17 - 37 - -1).
17
Calculate (28 - 4) + -13 + 12.
23
What is the value of 41 + -36 + (5 - 2)?
8
Calculate -6 + 1 + 3 - (-26 + 29).
-5
What is the value of 11 - (10 - 11) - (9 - -10) - -13?
6
What is the value of -11 + 16 + -5 + (6 - 3)?
3
What is the value of -3 + 2 - 2 - (4 + 9)?
-16
2 - 11 - (-1 + 21 + -2)
-27
What is the value of (11 - (-4 - -9)) + (-2 - 4)?
0
Calculate (-8 - -1 - -22) + 3 + -11.
7
What is the value of -6 + 5 + -414 + 397?
-18
What is 23 - 3 - (260 + -243)?
3
What is (1 - -28) + 6 + 29 + -48?
16
What is the value of 91 + -49 - (27 - 3)?
18
Evaluate 7 + (-7 - -7) - (7 + -2).
2
What is (-4 + -10 + 4 - -9) + -9?
-10
Evaluate (3 - (-10 + -5 - 9)) + -8.
19
What is 76 + -41 - (-9 - -67)?
-23
1 - 5 - (22 - (12 + 5))
-9
(3 - (33 + -42)) + -38
-26
-33 + -36 + 37 - -10
-22
What is the value of -322 + 298 + (-2 + 0 - -6)?
-20
What is -12 + 2 + 14 + 0?
4
Calculate -10 - (10 + -13) - (4 + -6).
-5
Calculate 0 + 12 - (-20 - (8 - 32)).
8
What is -6 - -1 - (2 + (3 - (5 + 11)))?
6
What is -29 + 29 + 5 + 1 + 6?
12
Evaluate (24 - 20) + (3 - 5).
2
97 + -92 - ((-11 - 2) + 8 + -7)
17
What is 1 + (-18 + -5 - (2 - -1 - 8))?
-17
What is the value of 10 - (-4 + 4 + 10 + 1)?
-1
What is the value of 8 + -8 + 9 + (-6 - (2 + -1))?
2
Calculate 7 - -13 - 8 - -2 - 32.
-18
What is 36 + 25 + -98 + 33?
-4
-34 + 30 + 1 + -21
-24
Evaluate -186 - -165 - (-4 + 2).
-19
2 + -2 - (1 + (6 - (1 + 20)))
14
Calculate (-5 + 2 - ((-5 - -1) + -2)) + 6.
9
Calculate 7 + -9 + (-48 - -37).
-13
What is the value of -5 - (-6 + 1 + 7 + 1) - -28?
20
Calculate 2 + -10 + 2 + 0 + 6.
0
Evaluate -2 + 1 + 27 + -9 + 0.
17
What is the value of (311 - 313) + (0 - 8)?
-10
What is the value of 7 + -8 + (7 - 7) + 6?
5
What is -10 + (12 - 17) + 15?
0
-29 + 17 + -8 + 1 - (-10 + 18)
-27
What is the value of (7 - 5 - -6) + 1 + -38 + 10?
-19
Calculate (15 - 6) + -15 + 3.
-3
(-6 - (-7 + 1)) + 3 - (1 - -14)
-12
Evaluate (-13 - -5) + (-35 - -47).
4
What is the value of (0 - -6) + (-5 + -10 - -4)?
-5
Evaluate -3 + (-2 - -13) + -7 + (-14 - -2).
-11
What is the value of (30 - 15) + -7 - (4 - 6 - 2)?
12
2 - (-2 + 8) - (52 - 48) - 3
-11
What is the value of (2 + -11 - (-113 + 74)) + -10?
20
Evaluate (10 - -1 - (14 - -8 - -10)) + 7.
-14
Calculate 54 + -1 - 29 - 17.
7
Calculate 3 + (-8 - 0) + (-6 - 3) + -2.
-16
What is the value of (1 - -5) + (-19 - -21)?
8
Evaluate 12 - (-11 - (-53 + -15 + 13)).
-32
Calculate 13 + (-6 - (-16 + 8 + -5)).
20
Evaluate (-667 - -659) + 1 + -12.
-19
What is the value of (-5 - (-48 - -8)) + 35 + -34?
36
Calculate -70 - -60 - (1 - 4).
-7
Calculate 1 + 10 - 6 - (1 + 15).
-11
Evaluate -8 - (1 - 7 - (-21 + 31 - 14)).
-6
What is the value of -8 - (68 - 100 - (1 + -6))?
19
Calculate -1 - (-5 - (7 + -18 + 2)).
-5
What is the value of -3 + 0 + 8 - (-7 - -6)?
6
Evaluate (8 - -25) + -39 - (-9 + 0).
3
What is -84 + 81 + -6 + 2 - -26?
19
Evaluate (15 - (5 - 3)) + (-450 - -447).
10
What is the value of (-2 + 16 - 3) + -3 - (22 - 16)?
2
What is (2 - 16) + 1 + (62 - 65) - -3?
-13
Calculate -11 + 3 - (-13 - (9 + -2)).
12
Evaluate (-25 - 3) + 54 + -50.
-24
What is -246 + 252 + 2 + -14?
-6
Calculate -52 + -14 + 42 + 15.
-9
What is the value of (-24 + 20 - -6) + 1?
3
Calculate 10 + (-4 - (22 + 7 + -7)).
-16
What is the value of 0 + (-8 - (-12 - 34)) - 3 - 3?
32
Evaluate -9 + (-4 + (-22 - -14) - -19).
-2
Calculate 13 - (-5 - (3 + -6)) - 18.
-3
What is 0 - (14 + -16 - (4 + -3) - -5)?
-2
4 + -7 + 13 + 4
14
What is the value of (1 - (-11 - (-16 + 11))) + (-1 - -8)?
14
Evaluate 5 - ((-6 - 3) + 17 - (0 - -6)).
3
16 - (43 - 44 - (3 + (-4 - 2)))
14
-20 + 21 + 3 - 30
-26
Evaluate 1 + -7 + -1 - (-26 - (0 + -3)).
16
Evaluate 1 - 2 - ((-24 - 13) + 27).
9
What is (-4 - (2 - 5)) + (-12 - -19)?
6
-6 - (-19 - -6) - (17 + -7)
-3
What is the value of -20 - (5 - (1 - -9)) - (-2 - 1)?
-12
Calculate 8 + (4 - ((23 - 9) + (-1 - 5))).
4
Calculate 33 + -3 + (511 - 575).
-34
What is 5 + 4 + 21 + (7 - 15)?
22
What is -5 - (-8 - 1 - ((60 - 35) + -46))?
-17
What is the value of 34 + -16 + (10 + 14 - 10)?
32
Evaluate -12 + (-10 - -13) + -2.
-11
Calculate -7 + (1 - (2 + 12) - -4).
-16
What is the value of 8 + (-2 - 5) - 11 - (-8 - -3)?
-5
What is the value of 55 + (44 - 124) + 34?
9
What is the value of -1 - (-27 - -15) - (28 + -1)?
-16
Calculate (-1 - -13 - (80 - 53)) + -3.
-18
-3 - (-6 + (-3 - -4)) - (-33 + 40)
-5
What is the value of 14 - 44 - ((-1 - -4) + (22 - 19))?
-36
What is -4 + 4 - (-6 + (-16 + 10 - -11))?
1
Evaluate 10 - (19 + 0) - (5 + (3 - -3)).
-20
Evaluate -2 + 3 + 5 + (-7 - (-4 + 2)).
1
What is the value of -19 - (-70 + 63 + 0 + 2)?
-14
What is the value of 5 - (0 + 11 + 4